{"id":12982,"date":"2020-05-13T00:12:42","date_gmt":"2020-05-13T00:12:42","guid":{"rendered":"https:\/\/fuerzaecommerce.com\/app-delivery-demo\/producto\/mermelada-de-arandano-y-pina-berries-del-peru-envase-340-gr\/"},"modified":"2020-05-13T00:12:45","modified_gmt":"2020-05-13T00:12:45","slug":"mermelada-de-arandano-y-pina-berries-del-peru-envase-340-gr","status":"publish","type":"product","link":"https:\/\/fuerzaecommerce.com\/app-delivery-demo\/producto\/mermelada-de-arandano-y-pina-berries-del-peru-envase-340-gr\/","title":{"rendered":"Mermelada de Ar\u00e1ndano y Pi\u00f1a Berries del Per\u00fa &#8211; Envase 340 gr"},"content":{"rendered":"","protected":false},"excerpt":{"rendered":"<p>editar<\/p>\n","protected":false},"featured_media":8885,"comment_status":"closed","ping_status":"open","template":"","meta":[],"product_cat":[243,267],"product_tag":[],"_links":{"self":[{"href":"https:\/\/fuerzaecommerce.com\/app-delivery-demo\/wp-json\/wp\/v2\/product\/12982"}],"collection":[{"href":"https:\/\/fuerzaecommerce.com\/app-delivery-demo\/wp-json\/wp\/v2\/product"}],"about":[{"href":"https:\/\/fuerzaecommerce.com\/app-delivery-demo\/wp-json\/wp\/v2\/types\/product"}],"replies":[{"embeddable":true,"href":"https:\/\/fuerzaecommerce.com\/app-delivery-demo\/wp-json\/wp\/v2\/comments?post=12982"}],"wp:featuredmedia":[{"embeddable":true,"href":"https:\/\/fuerzaecommerce.com\/app-delivery-demo\/wp-json\/wp\/v2\/media\/8885"}],"wp:attachment":[{"href":"https:\/\/fuerzaecommerce.com\/app-delivery-demo\/wp-json\/wp\/v2\/media?parent=12982"}],"wp:term":[{"taxonomy":"product_cat","embeddable":true,"href":"https:\/\/fuerzaecommerce.com\/app-delivery-demo\/wp-json\/wp\/v2\/product_cat?post=12982"},{"taxonomy":"product_tag","embeddable":true,"href":"https:\/\/fuerzaecommerce.com\/app-delivery-demo\/wp-json\/wp\/v2\/product_tag?post=12982"}],"curies":[{"name":"wp","href":"https:\/\/api.w.org\/{rel}","templated":true}]}}