{"id":12517,"date":"2020-05-13T00:10:47","date_gmt":"2020-05-13T00:10:47","guid":{"rendered":"https:\/\/fuerzaecommerce.com\/app-delivery-demo\/producto\/pistacho-con-cascara-vallealto-presentacion-90-gr\/"},"modified":"2020-05-13T00:10:49","modified_gmt":"2020-05-13T00:10:49","slug":"pistacho-con-cascara-vallealto-presentacion-90-gr","status":"publish","type":"product","link":"https:\/\/fuerzaecommerce.com\/app-delivery-demo\/producto\/pistacho-con-cascara-vallealto-presentacion-90-gr\/","title":{"rendered":"Pistacho con c\u00e1scara Vallealto &#8211; Presentaci\u00f3n 90 gr"},"content":{"rendered":"","protected":false},"excerpt":{"rendered":"<p>Presentaci\u00f3n 90 gr<\/p>\n","protected":false},"featured_media":9479,"comment_status":"closed","ping_status":"open","template":"","meta":[],"product_cat":[243,245],"product_tag":[],"_links":{"self":[{"href":"https:\/\/fuerzaecommerce.com\/app-delivery-demo\/wp-json\/wp\/v2\/product\/12517"}],"collection":[{"href":"https:\/\/fuerzaecommerce.com\/app-delivery-demo\/wp-json\/wp\/v2\/product"}],"about":[{"href":"https:\/\/fuerzaecommerce.com\/app-delivery-demo\/wp-json\/wp\/v2\/types\/product"}],"replies":[{"embeddable":true,"href":"https:\/\/fuerzaecommerce.com\/app-delivery-demo\/wp-json\/wp\/v2\/comments?post=12517"}],"wp:featuredmedia":[{"embeddable":true,"href":"https:\/\/fuerzaecommerce.com\/app-delivery-demo\/wp-json\/wp\/v2\/media\/9479"}],"wp:attachment":[{"href":"https:\/\/fuerzaecommerce.com\/app-delivery-demo\/wp-json\/wp\/v2\/media?parent=12517"}],"wp:term":[{"taxonomy":"product_cat","embeddable":true,"href":"https:\/\/fuerzaecommerce.com\/app-delivery-demo\/wp-json\/wp\/v2\/product_cat?post=12517"},{"taxonomy":"product_tag","embeddable":true,"href":"https:\/\/fuerzaecommerce.com\/app-delivery-demo\/wp-json\/wp\/v2\/product_tag?post=12517"}],"curies":[{"name":"wp","href":"https:\/\/api.w.org\/{rel}","templated":true}]}}